 -3 + 15 + t + 1?
12
Let h(i) = i + 8. What is the remainder when 31 is divided by h(0)?
7
Let p be 391/8 - (-2)/16. Suppose -3*w + p + 37 = -4*q, -5*w - 3*q = -153. Calculate the remainder when 118 is divided by w.
28
Let n(t) = t**3 - 12*t**2 - 10*t - 18. What is the remainder when 41 is divided by n(13)?
20
Suppose -2*s + 67 = 5*l, 6 = -s - 2*l + 41. Let g(t) = -t**2 + 24*t - 23. Calculate the remainder when g(13) is divided by s.
38
Let y = -19 - -22. What is the remainder when 8 is divided by y?
2
Suppose 0*t + 2*t - 2*w - 2 = 0, -45 = -5*t - 5*w. Suppose -5*o - 20 = 3*c - 61, -t*o - 25 = 0. Let h = c - 5. What is the remainder when 49 is divided by h?
15
Let f(k) = 2*k - 13. Let j be ((-44)/16)/(1/4). Let s be -1*(j*1 + 1). What is the remainder when 19 is divided by f(s)?
5
Suppose -123 = -4*x - 2*d - d, 4*d + 12 = 0. Calculate the remainder when 98 is divided by x.
32
Let l(p) = p**2 + p + 5. Let x be l(0). Let t = x - 2. Suppose 5*k = k, 3*k = -t*a + 3. Calculate the remainder when 2 is divided by a.
0
Suppose -4*o + 5*b = 4, -o + 2*b - 12 = -2*o. Suppose o*k = -2*z - 7 + 85, -3*z + 98 = 5*k. What is the remainder when k is divided by 5?
4
Let i = -13 + 15. Suppose 4*t - 139 = -3*x, -t + i*x + 13 + 30 = 0. Calculate the remainder when t is divided by 20.
17
Let q(z) = 3*z**2 + 2*z + 1. Suppose 3*b + 4*h + h = -4, -h - 12 = -5*b. What is the remainder when q(b) is divided by 5?
2
Suppose 0 = -4*u + 16, -3*o = 2*o - 5*u + 50. Suppose 2*x - 9 = 4*v + 7, -5*v - 27 = -3*x. Let r = x + o. Calculate the remainder when 15 is divided by r.
7
Suppose 4 - 46 = -7*n. Calculate the remainder when 17 is divided by n.
5
Let j(o) = -o. Let w be j(0). Suppose w = 5*x - 0*x. Suppose 0 = -h + 3*a + 34, x = -5*h - 0*h - a + 186. What is the remainder when h is divided by 13?
11
Let u = 25 + -12. Calculate the remainder when u is divided by 2.
1
Suppose 3*n = 5*o + 70, -3*o + 10 = 2*n - 43. Let z = -14 + n. What is the remainder when 32 is divided by z?
10
Suppose 5*m = i + 11, 2*m - 35 = -6*i + 3*i. Suppose -2*r - 45 = -5*r. Calculate the remainder when r is divided by i.
6
Let c(l) = l**3 - 11*l**2 - 11*l + 4. Calculate the remainder when c(12) is divided by 9.
7
What is the remainder when 127 is divided by 2/(-6)*-6 + 14?
15
Suppose 5*i - 3*i - 20 = -p, 5*i = 3*p + 50. Calculate the remainder when i is divided by 6.
4
Suppose 6*g - 7*g + 3 = 0. What is the remainder when -1 + g + -1 + 28 is divided by 15?
14
Calculate the remainder when (-2 + (-173)/2)/(12/(-16)) is divided by 30.
28
Let s be 14/(-4)*(-12)/21. What is the remainder when (-1)/s - 37/(-2) is divided by 10?
8
Suppose -q = 10 - 12. Calculate the remainder when q is divided by 2.
0
Suppose -o - 72 = o. Let h = 72 + o. Calculate the remainder when h is divided by 13.
10
Let d be -12*(3 + -2)*(-2)/(-4). Let z(x) be the third derivative of x**5/60 + x**4/8 + x**3/6 - x**2. Calculate the remainder when z(d) is divided by 5.
4
Suppose 0*c - 3*c = -3*y - 3, -4*c - 4*y + 36 = 0. Let r be ((-8)/3)/((-4)/6). Suppose 0 = r*i - 1 - 7. What is the remainder when c is divided by i?
1
Let d = 2 - -31. Calculate the remainder when d is divided by 9.
6
Let u = 10 + -16. Suppose -5*q = -6 - 4. Calculate the remainder when (-2)/(-3) + (-20)/u is divided by q.
0
Let u(c) = -c**3 - 14*c**2 - 2*c - 12. What is the remainder when u(-14) is divided by 9?
7
Let b(p) = p**2 + 3*p + 3. Suppose 5*a - 46 - 34 = 0. Calculate the remainder when b(4) is divided by a.
15
Let h(k) = k**3 + 4*k**2 - k - 2. Let i(z) = -z**2 - 4*z + 2. Let f be i(-5). Let m be 3*f/9*4. What is the remainder when 3 is divided by h(m)?
1
Let k = -7 + 11. Calculate the remainder when (-115)/(-15) + 5/(15/(-2)) is divided by k.
3
Let l(j) = -17*j**2 + j + 2. Let h be l(-3). Calculate the remainder when 19 is divided by ((-1)/2)/(7/h).
8
Suppose 3*x - 133 = -2*i, -3*i - 159 = -4*x - 2*i. What is the remainder when x is divided by 15?
11
Suppose 3*i = -4*r + 29, 3*r + r - 5*i = 37. Calculate the remainder when 31 is divided by r.
7
Let n(z) = 3*z**2 - 5. Calculate the remainder when n(5) is divided by 18.
16
Suppose 106*n - 16 = 102*n. What is the remainder when 53 is divided by n?
1
Suppose -23 = -d - 10. Let m = 11 - 4. What is the remainder when d is divided by m?
6
Let f be -5*(3 + (-3)/5). Let u = -23 + 40. Calculate the remainder when u is divided by 2/6 - 104/f.
8
Suppose 5*w = v + 4, 3*w = 6*w - 6. Let t be (0 + -1)/(1/v). Let r = 8 + t. What is the remainder when r is divided by 2?
0
Let h be ((-1)/(-1)*-299)/1. Let f = h + 437. Suppose -5*x + 4*z = -2*x - 162, 3*x + 4*z = f. What is the remainder when x is divided by 17?
16
Suppose -141 = -5*o + 5*i - 26, -3*o = -i - 75. Calculate the remainder when 74 is divided by o.
22
Suppose 0 = -u - u + 36. Let o = 37 + 13. What is the remainder when o is divided by u?
14
Suppose -a = -t + 14, -t - 2 = -2*a - 13. Suppose 4*h - 184 = -m, -2*m - 196 = -4*h - 0*m. Calculate the remainder when h is divided by t.
13
Suppose 5*v = 31 + 14. What is the remainder when (-3)/(-2*(-9)/(-150)) is divided by v?
7
Suppose -2 = -3*u + 2*n, 1 = 3*u - u - n. Suppose 0*z + 5*z - 165 = u. Calculate the remainder when z is divided by 12.
9
Suppose 0 = -3*m + 9, 2*y + 3*m - 16 = 11. What is the remainder when (-2 + 8)/(1/4) is divided by y?
6
Suppose 0*z = z - 7. Suppose b = 1, -3*g + b = -4*g + 3. Suppose g*r = 7 + 1. Calculate the remainder when z is divided by r.
3
Suppose 0 = -2*m - 5 + 13. Calculate the remainder when 39 is divided by m.
3
Let t be 0 - -6 - (4 + 0). Suppose f = -t*s + 25, 3*s - f = -5*f + 50. What is the remainder when s is divided by 7?
3
Let r(h) = h + 1. Suppose 5*i - i - 16 = 0, -x = i - 17. What is the remainder when x is divided by r(4)?
3
Suppose 0*z - 30 = -3*z. Calculate the remainder when 18 is divided by z.
8
Suppose 12 = 3*r - 3. Suppose -r*q = 3*u - 4 - 5, 5*u = 5*q + 15. Let b(k) = -k + 53. Calculate the remainder when b(q) is divided by 18.
17
What is the remainder when 4 is divided by 21/6*4/14?
0
Let j(m) = -4*m - 15. Calculate the remainder when 72 is divided by j(-13).
35
Suppose 4*x + x = -85. Let q = 39 + x. Calculate the remainder when q is divided by 8.
6
Let h = 109 + 55. Suppose -4*l = -0*l - h. Suppose -18 + 4 = -r. Calculate the remainder when l is divided by r.
13
Let n = 63 + -59. Calculate the remainder when 93 is divided by n.
1
Let a = -13 - -32. What is the remainder when 151 is divided by a?
18
Suppose 3*m - 14 = -2. Suppose -48 = -m*x - 0*x + 2*h, 2*h + 26 = 2*x. Let y(s) = s**3 + 5*s**2 - 7*s. Calculate the remainder when x is divided by y(-6).
5
Suppose 0 = 3*p + 2*z - 22, 4*p + 0*z = z + 22. Suppose 0 = 2*q - p*q + 44. Let s = 22 - q. What is the remainder when 31 is divided by s?
9
Suppose i = -2*i + 9, -2*p + 9 = 3*i. Suppose -h = -p*h - 31. What is the remainder when h is divided by 11?
9
Suppose 5*k - 13 = 4*s, -23 = -5*s - 4*k + 12. Calculate the remainder when (-13)/(-2) + (-2)/(-4) is divided by s.
1
Suppose -217 = 15*h - 3607. Calculate the remainder when h is divided by 19.
17
Let p = 17 - 10. Let n(j) = j**3 + 1 - 5*j - 4 + 0*j**2 - 7*j**2 + j**2. Calculate the remainder when 32 is divided by n(p).
10
Suppose 10*u = 52 + 28. What is the remainder when 22 is divided by u?
6
Suppose -125 = -2*l - 3*l. What is the remainder when l is divided by 14?
11
Let q(g) = -6*g**3 - 5*g**2 - 3*g + 1. Let c be q(-3). Suppose 0 = -3*s + 5*u + 74, -4*s = -0*s - u - c. Calculate the remainder when s is divided by 9.
6
Suppose -14 + 69 = 5*j. Suppose 2*u = -2*n + 7 + j, -3*u + 34 = 4*n. Calculate the remainder when 26 is divided by n.
5
Suppose -5*p - 68 = -3*u, -5*u - 4*p = -2*p - 165. Calculate the remainder when u is divided by 17.
14
Let k(c) = -13 - c + 2*c + c + 22. Calculate the remainder when k(10) is divided by 6.
5
Calculate the remainder when 64 is divided by (-583)/(-44) + ((-18)/8 - -2).
12
Suppose -2 = -s - 0*s. Suppose s*g - 10 = -3*g. Calculate the remainder when 4 + 13 + g*1 is divided by 10.
9
Suppose b - 9 - 40 = -4*n, 101 = 2*b + 5*n. Calculate the remainder when b is divided by 8.
5
Suppose s - 10 = -1. Let k(p) = -p**2 - 10*p + 45. What is the remainder when s is divided by k(-13)?
3
Suppose -22*k = -24*k - 24. Let r = 21 + k. What is the rema